{"id":8,"date":"2025-10-15T20:37:55","date_gmt":"2025-10-15T20:37:55","guid":{"rendered":"https:\/\/cerkezkoyalfakoltukyikama.com.tr\/index.php\/hillstar\/"},"modified":"2025-12-10T21:44:14","modified_gmt":"2025-12-10T21:44:14","slug":"hillstar","status":"publish","type":"page","link":"https:\/\/cerkezkoyalfakoltukyikama.com.tr\/","title":{"rendered":"Front Page"},"content":{"rendered":"<div data-colibri-id=\"8-c1\" class=\"style-184 style-local-8-c1 position-relative\">\n  <!---->\n  <div data-colibri-component=\"section\" data-colibri-id=\"8-c2\" id=\"about\" class=\"h-section h-section-global-spacing d-flex align-items-lg-center align-items-md-center align-items-end style-199 style-local-8-c2 position-relative\">\n    <!---->\n    <!---->\n    <div class=\"h-section-grid-container h-section-boxed-container\">\n      <!---->\n      <div data-colibri-id=\"8-c3\" class=\"h-row-container gutters-row-lg-0 gutters-row-md-0 gutters-row-0 gutters-row-v-lg-0 gutters-row-v-md-0 gutters-row-v-0 style-200 style-local-8-c3 position-relative\">\n        <!---->\n        <div class=\"h-row justify-content-lg-center justify-content-md-center justify-content-center align-items-lg-stretch align-items-md-stretch align-items-stretch gutters-col-lg-0 gutters-col-md-0 gutters-col-0 gutters-col-v-lg-0 gutters-col-v-md-0 gutters-col-v-0\">\n          <!---->\n          <div class=\"h-column h-column-container d-flex h-col-lg-auto h-col-md-auto h-col-auto style-201-outer style-local-8-c4-outer\">\n            <div data-colibri-id=\"8-c4\" class=\"d-flex h-flex-basis h-column__inner h-px-lg-0 h-px-md-0 h-px-0 v-inner-lg-0 v-inner-md-0 v-inner-0 style-201 style-local-8-c4 position-relative\">\n              <!---->\n              <!---->\n              <div class=\"w-100 h-y-container h-column__content h-column__v-align flex-basis-100 align-self-lg-start align-self-md-start align-self-start\">\n                <!---->\n                <div data-colibri-id=\"8-c5\" class=\"h-global-transition-all h-heading style-202 style-local-8-c5 position-relative h-element\">\n                  <!---->\n                  <div class=\"h-heading__outer style-202 style-local-8-c5\">\n                    <!---->\n                    <!---->\n                    <h5 class=\"\">Koltuk Y\u0131katman\u0131n Faydalar\u0131<\/h5>\n                  <\/div>\n                <\/div>\n                <div data-colibri-id=\"8-c6\" class=\"h-text h-text-component style-204 style-local-8-c6 position-relative h-element\">\n                  <!---->\n                  <!---->\n                  <div class=\"\">\n                    <p>Koltuklar, g\u00fcnl\u00fck ya\u015famda en \u00e7ok kullan\u0131lan e\u015fyalar aras\u0131nda yer al\u0131r ve zamanla toz, leke, bakteri ve k\u00f6t\u00fc koku birikimi ya\u015fanabilir. D\u00fczenli olarak profesyonel \u015fekilde koltuk y\u0131katmak, hem <strong>sa\u011fl\u0131k hem de konfor<\/strong> a\u00e7\u0131s\u0131ndan\n                      b\u00fcy\u00fck fayda sa\u011flar.<\/p>\n                    <ul>\n                      <li><strong>Derinlemesine temizlik:<\/strong> Y\u00fczeyde g\u00f6r\u00fcnmeyen kir ve mikroplar tamamen ar\u0131nd\u0131r\u0131l\u0131r.<\/li>\n                      <li><strong>Sa\u011fl\u0131kl\u0131 ya\u015fam alan\u0131:<\/strong> Alerji, akar ve bakteri olu\u015fumu engellenir.<\/li>\n                      <li><strong>Uzun \u00f6m\u00fcrl\u00fc kullan\u0131m:<\/strong> Koltuk kuma\u015f\u0131n\u0131n yap\u0131s\u0131 korunur, y\u0131pranma ve renk solmas\u0131 \u00f6nlenir.<\/li>\n                      <li><strong>K\u00f6t\u00fc kokular\u0131n giderilmesi:<\/strong> Sigara, evcil hayvan ve yemek kokular\u0131 yok edilir.<\/li>\n                      <li><strong>Estetik g\u00f6r\u00fcn\u00fcm:<\/strong> Koltuklar ilk g\u00fcnk\u00fc temizli\u011fine ve canl\u0131 rengine kavu\u015fur.<\/li>\n                    <\/ul>\n                    <p>Koltuklar\u0131n\u0131z\u0131 d\u00fczenli aral\u0131klarla profesyonel \u015fekilde y\u0131katarak, hem evinizin hijyenini art\u0131rabilir hem de e\u015fyalar\u0131n\u0131z\u0131n \u00f6mr\u00fcn\u00fc uzatabilirsiniz..<\/p>\n                  <\/div>\n                <\/div>\n              <\/div>\n            <\/div>\n          <\/div>\n          <div class=\"h-column h-column-container d-flex h-col-lg-auto h-col-md-auto h-col-auto style-205-outer style-local-8-c7-outer\">\n            <div data-colibri-id=\"8-c7\" class=\"d-flex h-flex-basis h-column__inner h-ui-empty-state-container h-px-lg-2 h-px-md-2 h-px-2 v-inner-lg-2 v-inner-md-2 v-inner-2 style-205 style-local-8-c7 position-relative\">\n              <!---->\n              <!---->\n              <div class=\"w-100 h-y-container h-column__content h-column__v-align flex-basis-100\">\n                <!---->\n              <\/div>\n            <\/div>\n          <\/div>\n        <\/div>\n      <\/div>\n    <\/div>\n  <\/div>\n  <div data-colibri-component=\"section\" data-colibri-id=\"8-c8\" id=\"about-2\" class=\"h-section h-section-global-spacing d-flex align-items-lg-center align-items-md-center align-items-center style-206 style-local-8-c8 position-relative\">\n    <!---->\n    <!---->\n    <div class=\"h-section-grid-container h-section-boxed-container\">\n      <!---->\n      <div data-colibri-id=\"8-c9\" class=\"h-row-container gutters-row-lg-0 gutters-row-md-0 gutters-row-0 gutters-row-v-lg-0 gutters-row-v-md-0 gutters-row-v-0 style-207 style-local-8-c9 position-relative\">\n        <!---->\n        <div class=\"h-row justify-content-lg-center justify-content-md-center justify-content-center align-items-lg-stretch align-items-md-stretch align-items-stretch gutters-col-lg-0 gutters-col-md-0 gutters-col-0 gutters-col-v-lg-0 gutters-col-v-md-0 gutters-col-v-0\">\n          <!---->\n          <div class=\"h-column h-column-container d-flex h-col-lg-auto h-col-md-auto h-col-auto style-208-outer style-local-8-c10-outer\">\n            <div data-colibri-id=\"8-c10\" class=\"d-flex h-flex-basis h-column__inner h-px-lg-0 h-px-md-0 h-px-0 v-inner-lg-0 v-inner-md-0 v-inner-0 style-208 style-local-8-c10 position-relative\">\n              <!---->\n              <!---->\n              <div class=\"w-100 h-y-container h-column__content h-column__v-align flex-basis-100 align-self-lg-start align-self-md-start align-self-start\">\n                <!---->\n                <div data-colibri-id=\"8-c11\" class=\"h-global-transition-all h-heading style-209 style-local-8-c11 position-relative h-element\">\n                  <!---->\n                  <div class=\"h-heading__outer style-209 style-local-8-c11\">\n                    <!---->\n                    <!---->\n                    <h5 class=\"\">Koltuk Y\u0131kama A\u015famalar\u0131m\u0131z<\/h5>\n                  <\/div>\n                <\/div>\n                <div data-colibri-id=\"8-c12\" class=\"h-text h-text-component style-211 style-local-8-c12 position-relative h-element\">\n                  <!---->\n                  <!---->\n                  <div class=\"\">\n                    <p><strong>\u00d6n \u0130nceleme:&nbsp;<\/strong>Koltu\u011fun kuma\u015f yap\u0131s\u0131, lekelerin durumu ve hassas b\u00f6lgeler dikkatlice incelenir. Hangi alanlara \u00f6zel i\u015flem uygulanaca\u011f\u0131 belirlenir.<\/p>\n                    <p><strong>Islatma \u0130\u015flemi:&nbsp;<\/strong>Koltu\u011fun y\u00fczeyindeki kir ve lekeleri yumu\u015fatmak i\u00e7in \u0131slatma i\u015flemi yap\u0131l\u0131r. Bu ad\u0131m, derin temizlik i\u00e7in zemini haz\u0131rlar.<\/p>\n                    <p><strong>Temizlik Sol\u00fcsyonu Uygulama:&nbsp;<\/strong>G\u00f6zle g\u00f6r\u00fclmeyen bakterileri yok eden, lekeleri \u00e7\u00f6zen \u00f6zel temizlik \u00fcr\u00fcn\u00fc y\u00fczeye uygulan\u0131r. Sa\u011fl\u0131\u011fa zarars\u0131z ve etkili bir temizlik sa\u011flan\u0131r.<\/p>\n                    <p><strong>Polisaj (F\u0131r\u00e7alama) \u0130\u015flemi:&nbsp;<\/strong>G\u00fc\u00e7l\u00fc ekipmanlar kullan\u0131larak koltuk y\u00fczeyi f\u0131r\u00e7alan\u0131r. Bu a\u015famada derinlemesine temizlik yap\u0131l\u0131r ve yerle\u015fmi\u015f kirler \u00e7\u00f6z\u00fcl\u00fcr.<\/p>\n                    <p><strong>Vakumlama:&nbsp;<\/strong>Kirli su ve kal\u0131nt\u0131lar vakumla tamamen \u00e7ekilir. Koltuk y\u00fczeyi temiz, hijyenik ve neme kar\u015f\u0131 korumal\u0131 hale gelir.<\/p>\n                    <p><strong>Durulama:&nbsp;<\/strong>Son ad\u0131mda durulama i\u015flemi yap\u0131l\u0131r. B\u00f6ylece kimyasal kal\u0131nt\u0131lar tamamen ar\u0131nd\u0131r\u0131l\u0131r ve koltuklar taze, ferah bir g\u00f6r\u00fcn\u00fcme kavu\u015fur.<\/p>\n                  <\/div>\n                <\/div>\n              <\/div>\n            <\/div>\n          <\/div>\n          <div class=\"h-column h-column-container d-flex h-col-lg-auto h-col-md-auto h-col-auto style-212-outer style-local-8-c13-outer\">\n            <div data-colibri-id=\"8-c13\" class=\"d-flex h-flex-basis h-column__inner h-ui-empty-state-container h-px-lg-2 h-px-md-2 h-px-2 v-inner-lg-2 v-inner-md-2 v-inner-2 style-212 style-local-8-c13 position-relative\">\n              <!---->\n              <!---->\n              <div class=\"w-100 h-y-container h-column__content h-column__v-align flex-basis-100\">\n                <!---->\n              <\/div>\n            <\/div>\n          <\/div>\n        <\/div>\n      <\/div>\n    <\/div>\n  <\/div>\n  <div data-colibri-component=\"section\" data-colibri-id=\"8-c14\" id=\"about-3\" class=\"h-section h-section-global-spacing d-flex align-items-lg-center align-items-md-center align-items-center style-213 style-local-8-c14 position-relative\">\n    <!---->\n    <!---->\n    <div class=\"h-section-grid-container h-section-boxed-container\">\n      <!---->\n      <div data-colibri-id=\"8-c15\" class=\"h-row-container gutters-row-lg-0 gutters-row-md-0 gutters-row-0 gutters-row-v-lg-0 gutters-row-v-md-0 gutters-row-v-0 style-214 style-local-8-c15 position-relative\">\n        <!---->\n        <div class=\"h-row justify-content-lg-center justify-content-md-center justify-content-center align-items-lg-stretch align-items-md-stretch align-items-stretch gutters-col-lg-0 gutters-col-md-0 gutters-col-0 gutters-col-v-lg-0 gutters-col-v-md-0 gutters-col-v-0\">\n          <!---->\n          <div class=\"h-column h-column-container d-flex h-col-lg-auto h-col-md-auto h-col-auto style-215-outer style-local-8-c16-outer\">\n            <div data-colibri-id=\"8-c16\" class=\"d-flex h-flex-basis h-column__inner h-px-lg-0 h-px-md-0 h-px-0 v-inner-lg-0 v-inner-md-0 v-inner-0 style-215 style-local-8-c16 position-relative\">\n              <!---->\n              <!---->\n              <div class=\"w-100 h-y-container h-column__content h-column__v-align flex-basis-100 align-self-lg-start align-self-md-start align-self-start\">\n                <!---->\n                <div data-colibri-id=\"8-c17\" class=\"h-global-transition-all h-heading style-216 style-local-8-c17 position-relative h-element\">\n                  <!---->\n                  <div class=\"h-heading__outer style-216 style-local-8-c17\">\n                    <!---->\n                    <!---->\n                    <h5 class=\"\">S\u0131k\u00e7a Sorulan Sorular ?<\/h5>\n                  <\/div>\n                <\/div>\n                <div data-colibri-id=\"8-c18\" class=\"h-text h-text-component style-218 style-local-8-c18 position-relative h-element\">\n                  <!---->\n                  <!---->\n                  <div class=\"\">\n                    <p><strong>1. Koltuk y\u0131kama i\u015flemi ne kadar s\u00fcr\u00fcyor?<\/strong>\n                      <br> Koltuk y\u0131kama s\u00fcresi, koltuk say\u0131s\u0131 ve kuma\u015f t\u00fcr\u00fcne g\u00f6re de\u011fi\u015fir. Ortalama olarak 1 ila 2 saat aras\u0131nda tamamlan\u0131r.<\/p>\n                    <p><strong>2. Koltuklar y\u0131kand\u0131ktan sonra ne kadar s\u00fcrede kurur?<\/strong>\n                      <br> Hava ak\u0131\u015f\u0131na ba\u011fl\u0131 olarak 4 ila 8 saat aras\u0131nda tamamen kurur. Yaz aylar\u0131nda bu s\u00fcre daha da k\u0131sal\u0131r.<\/p>\n                    <p><strong>3. Kullan\u0131lan temizlik \u00fcr\u00fcnleri sa\u011fl\u0131\u011fa zararl\u0131 m\u0131?<\/strong>\n                      <br> Hay\u0131r. Kulland\u0131\u011f\u0131m\u0131z temizlik \u00fcr\u00fcnleri \u00e7evre dostu, insan ve hayvan sa\u011fl\u0131\u011f\u0131na zarars\u0131z, antibakteriyel \u00f6zellikte \u00fcr\u00fcnlerdir.<\/p>\n                    <p><strong>4. Her kuma\u015f t\u00fcr\u00fc y\u0131kanabilir mi?<\/strong>\n                      <br> Evet, ancak her kuma\u015f farkl\u0131 oldu\u011fundan y\u0131kama \u00f6ncesinde analiz yap\u0131larak uygun temizlik y\u00f6ntemi se\u00e7ilir.<\/p>\n                    <p><strong>5. Y\u0131kama s\u0131ras\u0131nda koltuk zarar g\u00f6r\u00fcr m\u00fc?<\/strong>\n                      <br> Kesinlikle hay\u0131r. Profesyonel ekibimiz hassas alanlara \u00f6zel \u00f6zen g\u00f6sterir, koltu\u011funuzun kuma\u015f\u0131na, diki\u015flerine ve dokusuna zarar verilmez.<\/p>\n                    <p><strong>6. Evde mi y\u0131kama yap\u0131yorsunuz yoksa koltuklar al\u0131n\u0131yor mu?<\/strong>\n                      <br> T\u00fcm i\u015flemler yerinde, ev veya i\u015f yerinizde yap\u0131l\u0131r. Koltu\u011funuzu ta\u015f\u0131maya gerek kalmaz.<\/p>\n                    <p><strong>7. Lekeler tamamen \u00e7\u0131kar m\u0131?<\/strong>\n                      <br> Evet. Kulland\u0131\u011f\u0131m\u0131z \u00f6zel temizlik kimyasallar\u0131 ve profesyonel ekipmanlar sayesinde lekeler <strong>tamamen yok edilir<\/strong>, koltuklar\u0131n\u0131z ilk g\u00fcnk\u00fc canl\u0131l\u0131\u011f\u0131na kavu\u015fur.<\/p>\n                    <p><strong>8. Ne s\u0131kl\u0131kla koltuk y\u0131katmal\u0131y\u0131m?<\/strong>\n                      <br> Sa\u011fl\u0131kl\u0131 bir kullan\u0131m i\u00e7in y\u0131lda en az 2 kez koltuk y\u0131katman\u0131z \u00f6nerilir. Evcil hayvan veya \u00e7ocuk bulunan evlerde bu s\u00fcre daha k\u0131sa olabilir.<\/p>\n                    <p><strong>9. Hizmet sonras\u0131 memnun kalmazsam ne olur?<\/strong>\n                      <br> M\u00fc\u015fteri memnuniyetine b\u00fcy\u00fck \u00f6nem veriyoruz. E\u011fer i\u015flem sonras\u0131 bir memnuniyetsizlik olursa, \u00fccretsiz olarak tekrar i\u015flem yap\u0131l\u0131r.<\/p>\n                    <p><strong>10. Hangi b\u00f6lgelerde hizmet veriyorsunuz?<\/strong>\n                      <br> <strong>\u00c7erkezk\u00f6y, \u00c7orlu, Kapakl\u0131 ve Silivri<\/strong> ba\u015fta olmak \u00fczere \u00e7evre b\u00f6lgelere profesyonel yerinde koltuk, hal\u0131, yatak ve ara\u00e7 koltuk y\u0131kama hizmeti sunuyoruz.<\/p>\n                  <\/div>\n                <\/div>\n              <\/div>\n            <\/div>\n          <\/div>\n          <div class=\"h-column h-column-container d-flex h-col-lg-auto h-col-md-auto h-col-auto style-219-outer style-local-8-c19-outer\">\n            <div data-colibri-id=\"8-c19\" class=\"d-flex h-flex-basis h-column__inner h-ui-empty-state-container h-px-lg-1 h-px-md-1 h-px-1 v-inner-lg-1 v-inner-md-1 v-inner-1 style-219 style-local-8-c19 position-relative\">\n              <!---->\n              <!---->\n              <div class=\"w-100 h-y-container h-column__content h-column__v-align flex-basis-100\">\n                <!---->\n              <\/div>\n            <\/div>\n          <\/div>\n        <\/div>\n      <\/div>\n    <\/div>\n  <\/div>\n<\/div>","protected":false},"excerpt":{"rendered":"<p>Koltuk Y\u0131katman\u0131n Faydalar\u0131 Koltuklar, g\u00fcnl\u00fck ya\u015famda en \u00e7ok kullan\u0131lan e\u015fyalar aras\u0131nda yer al\u0131r ve zamanla toz, leke, bakteri ve k\u00f6t\u00fc koku birikimi ya\u015fanabilir. D\u00fczenli olarak profesyonel \u015fekilde koltuk y\u0131katmak, hem sa\u011fl\u0131k hem de konfor a\u00e7\u0131s\u0131ndan b\u00fcy\u00fck fayda sa\u011flar. Derinlemesine temizlik: Y\u00fczeyde g\u00f6r\u00fcnmeyen kir ve mikroplar tamamen ar\u0131nd\u0131r\u0131l\u0131r. Sa\u011fl\u0131kl\u0131 ya\u015fam alan\u0131: Alerji, akar ve bakteri olu\u015fumu [&hellip;]<\/p>\n","protected":false},"author":2,"featured_media":0,"parent":0,"menu_order":0,"comment_status":"closed","ping_status":"closed","template":"page-templates\/homepage.php","meta":{"footnotes":""},"class_list":["post-8","page","type-page","status-publish","hentry"],"_links":{"self":[{"href":"https:\/\/cerkezkoyalfakoltukyikama.com.tr\/index.php\/wp-json\/wp\/v2\/pages\/8","targetHints":{"allow":["GET"]}}],"collection":[{"href":"https:\/\/cerkezkoyalfakoltukyikama.com.tr\/index.php\/wp-json\/wp\/v2\/pages"}],"about":[{"href":"https:\/\/cerkezkoyalfakoltukyikama.com.tr\/index.php\/wp-json\/wp\/v2\/types\/page"}],"author":[{"embeddable":true,"href":"https:\/\/cerkezkoyalfakoltukyikama.com.tr\/index.php\/wp-json\/wp\/v2\/users\/2"}],"replies":[{"embeddable":true,"href":"https:\/\/cerkezkoyalfakoltukyikama.com.tr\/index.php\/wp-json\/wp\/v2\/comments?post=8"}],"version-history":[{"count":9,"href":"https:\/\/cerkezkoyalfakoltukyikama.com.tr\/index.php\/wp-json\/wp\/v2\/pages\/8\/revisions"}],"predecessor-version":[{"id":226,"href":"https:\/\/cerkezkoyalfakoltukyikama.com.tr\/index.php\/wp-json\/wp\/v2\/pages\/8\/revisions\/226"}],"wp:attachment":[{"href":"https:\/\/cerkezkoyalfakoltukyikama.com.tr\/index.php\/wp-json\/wp\/v2\/media?parent=8"}],"curies":[{"name":"wp","href":"https:\/\/api.w.org\/{rel}","templated":true}]}}